).
3
Let s(d) = 140*d**3 - 41*d**2 - 7*d. What are the prime factors of s(5)?
2, 3, 5, 137
Let n(s) = 310*s + 39. What are the prime factors of n(25)?
7789
Suppose 0 = 4*x - 2*l + 2, -22*l = -2*x - 17*l - 5. Let q = 5 - 0. Suppose a - q*a + 124 = x. What are the prime factors of a?
31
Let d be (10/14)/(3/21). Suppose b = 3, 37 + 388 = 2*w - d*b. List the prime factors of w.
2, 5, 11
Suppose -19 = -3*u - 1. Suppose u*n - 3 = 27. Suppose -n*d + d = -332. What are the prime factors of d?
83
Suppose 50524 = 20*x + 14864. What are the prime factors of x?
1783
Let h(k) = -k**3 - 4*k**2 + 4*k - 11. Let z(f) = -f**3 + 23*f**2 + 3*f - 76. Let j be z(23). What are the prime factors of h(j)?
2, 3
Let p(v) be the third derivative of -91*v**4/24 - 3*v**3 + 7*v**2 + 5*v. What are the prime factors of p(-7)?
619
Suppose -4*l = j - 434, 333 = 3*l + 47*j - 50*j. Suppose l = r - 73. What are the prime factors of r?
2, 7, 13
Let v(t) = t**3 + 8*t**2 + 5*t - 4. Let q be v(-5). What are the prime factors of (896/(-28))/((-1)/q)?
2, 23
Let u = -339 + 341. List the prime factors of (u + 129 - (-2)/2) + 1.
7, 19
Let p(v) = v**2 - 3*v - 5. Let m be p(-2). Suppose -4*q - m*q + 27 = 0. Suppose 265 = q*w + 22. List the prime factors of w.
3
Let i(u) = -30*u**2 + 258*u + 4. List the prime factors of i(4).
2, 139
Let b(g) = -133*g**3 - 65*g**2 + 12*g + 21. What are the prime factors of b(-5)?
3, 4987
Suppose 5*f - 2*c = -5*c + 875, 2*c + 506 = 3*f. List the prime factors of 164/56*f - (-2)/7.
2, 3, 7
Let r(n) = 600*n**2 - 25 - 132*n**2 - 5*n - 8*n - 290*n**2. List the prime factors of r(-2).
23, 31
Suppose -u - 3*c = -26, 4*c + 132 = 5*u - 74. Suppose 2*z + 6 = u. Suppose 2*t - z = 14. List the prime factors of t.
3, 5
Suppose 61 = 5*x - f, x - 35 = -2*x + f. Let h(q) = 7*q**3 + 36*q**2 - 157*q. Let n be h(4). Suppose n = x*b - 4*b. List the prime factors of b.
2, 11
Let m = 10 + -2. Suppose 2450*q = 2527*q - 12089. Suppose -35 = -m*u + q. What are the prime factors of u?
2, 3
Suppose -4*n + 116884 = -2*r, 4*n - 4*r - 55795 - 61081 = 0. List the prime factors of n.
3, 17, 191
What are the prime factors of (-8 + -468)*(52/(-8) - 0/2)?
2, 7, 13, 17
Let g(p) = -286*p - 852. List the prime factors of g(-18).
2, 3, 179
Let f = 5 + -8. Let x be f/8 - 29/8. What are the prime factors of 1*(x - 0) + 67?
3, 7
Let s be (81 + 3)/((-2)/19 + 0). Let l be 9/18 + (s/(-4))/(-3). Let u = 66 - l. What are the prime factors of u?
2, 3, 11
Suppose 8*u - 10640 = -5*s, -4*u - s + 1330 = -3*u. What are the prime factors of u?
2, 5, 7, 19
Let h = -5595 - -11173. List the prime factors of h.
2, 2789
Let n = -60391 - -109193. What are the prime factors of n?
2, 13, 1877
Let j = 80371 + -39447. What are the prime factors of j?
2, 13, 787
Let p(b) = b**3 + 4*b**2 - b - 2. Let d be p(-4). Suppose 0 = 13*k - d*k + 55. List the prime factors of (48/10)/((-1)/k).
2, 3
What are the prime factors of -8*((-58810)/140)/(-1)*-7?
2, 5881
Let z be 2/3 - (-11199)/9. Suppose 915 = 3*a - 3*x, 4*a = -3*x + 2*x + z. Suppose 2*k = -3*k + a. What are the prime factors of k?
2, 31
Let o(v) = -2 - v**3 - 4*v**2 + 13 + 14*v - 4*v + 14*v**2. Let i be o(11). Suppose i = 26*p - 21*p - 35. What are the prime factors of p?
7
List the prime factors of ((-19191)/6)/((-12)/24).
6397
Suppose -70020 = -32*i + 66076. What are the prime factors of i?
4253
Suppose -6*f = -5*f. Suppose 0 = v + 5*q - 25, -q + 6*q - 25 = f. Suppose v = -5*o + 10*o - 130. What are the prime factors of o?
2, 13
Suppose 5*h + 5*l = h + 16, l + 16 = 4*h. Suppose -h*r - 236 = 2*f, -369 = 3*f + 2*r - r. Let o = -65 - f. List the prime factors of o.
59
Suppose 2*i - 5*y - 233223 = 0, 5*i + 3*y = 2*i + 349803. List the prime factors of (-5)/35 - i/(-84).
2, 347
Suppose 22650 = 2*x + 4*p, -3*p = x - 5103 - 6220. What are the prime factors of x?
11329
Let j = 158 + -152. Suppose j*c = 4*c + 4*b + 924, -4*c + 3*b + 1863 = 0. What are the prime factors of c?
2, 3, 13
Let p = 41037 - -857. List the prime factors of p.
2, 20947
Let y be (8/(-12))/((-2)/135). Let x = y - 45. Suppose 5*n - 364 - 61 = x. What are the prime factors of n?
5, 17
Suppose -4*f = -3*j + 2062, -4*j - 3*f + 704 + 2012 = 0. Let o = 708 - j. What are the prime factors of o?
2, 13
Let y be 53150/210 + (-4)/42. Let v = 565 - y. List the prime factors of v.
2, 3, 13
Let o(m) = -3*m + 119. Let c be o(33). Suppose 17*b = c*b - 555. List the prime factors of b.
5, 37
Let a(j) = -j**3 + 15*j**2 - 9*j - 11. Let n = 344 - 332. What are the prime factors of a(n)?
313
Let w(m) = -m**3 - m + 2. Let b be w(2). Let o be -2*(1 + (-248)/16). Let q = o - b. List the prime factors of q.
37
Suppose 53*g - 9746601 = -250*g. List the prime factors of g.
19, 1693
Suppose -15*r + 20 = -11*r. Suppose -5*n - 291 = -8*n - 3*g, -10 = r*g. List the prime factors of n.
3, 11
Suppose -5*k + d = -115, -67*d + 62*d = 2*k - 19. Let y be 130 + 0 + -2*1. Suppose b = y + k. What are the prime factors of b?
2, 3, 5
Let t(g) = 11*g**2 - 6*g - 68. Let n be t(-17). Suppose 35*m - 672 = n. What are the prime factors of m?
3, 37
Let n(c) = -17*c + 9. Let g be n(5). Let w = 32 + g. What are the prime factors of (-1752)/w - 6/(-33)?
2, 5
Let l = -44 + 110. Let s be 2/(-4 - l/(-15)). Suppose -7 = s*f - 2, 0 = -3*k + 4*f + 292. List the prime factors of k.
2, 3
Suppose -4*j + c + 3076 = 0, j - 5*c - 4645 = -3895. List the prime factors of j.
2, 5, 7, 11
List the prime factors of (0 - 1)*(-204 - -192).
2, 3
Let q(p) = -p**2 - 21*p + 43. Let v be q(-23). Let c(i) = -i**2 - i + 10. List the prime factors of c(v).
2
Suppose 163*r - 39966 = 157*r. Suppose 4*b - 6400 = -4*t, 0 = 3*b - 5*t + 1885 - r. What are the prime factors of b?
1597
Let l = 7022 - -6915. List the prime factors of l.
7, 11, 181
Suppose -2*y - 4*l = -6, 6*y + l - 51 = y. Suppose -6*m + 799 = y*m. Suppose 4*k - 64 = -4*o, 0*o + k + m = 2*o. What are the prime factors of o?
3, 7
Let n = -703 - -504. Let f be (3/(-6)*-214)/(-1). Let i = f - n. List the prime factors of i.
2, 23
What are the prime factors of (27 - (494 + 13))*((-5544)/(-10))/(-3)?
2, 3, 7, 11
Suppose -97*q + 1615895 - 171701 = 13056. List the prime factors of q.
2, 3, 2459
Suppose 4*t = 5*u - 3213, -4*t - 435 - 1496 = -3*u. What are the prime factors of u?
641
Suppose 4*d - 5*i - 35735 = 0, -4*i - 17860 = -1683*d + 1681*d. List the prime factors of d.
2, 3, 5, 149
Let b = 379 + -216. Let s(a) = -a**2 + 7*a + 4. Let v be s(-7). Let d = b + v. List the prime factors of d.
3, 23
Suppose 5*b + 6*v - 23 = 2*v, 0 = -4*b - v + 25. Suppose 5*x - 4*m + 27 = 0, 5*x + 2*m + 2 + b = 0. List the prime factors of ((-3)/(-2))/(x/(-56)).
2, 7
Suppose 0 = -551*o + 550*o + 5*f + 139, 0 = o - 4*f - 136. Suppose 0 = -0*l - l + 22. Let p = o + l. What are the prime factors of p?
2, 73
Suppose -152*x + 27228 = -1030540. What are the prime factors of x?
6959
Let j(f) = -440*f + 9 + 3 + 31 - 238*f - 4. What are the prime factors of j(-1)?
3, 239
Let w be 11/(4/(-40) - 167/(-1570)). Suppose 29*b + w = 40*b. What are the prime factors of b?
157
Suppose -p + 5794 = 3*k, -23311 = -4135*p + 4131*p + 3*k. List the prime factors of p.
5821
Suppose 51*d - 3024726 = -58413. What are the prime factors of d?
7, 1187
Let z(b) = 23*b**2 + 18*b - 9. Let f be z(9). Suppose -6*c = -15*c + f. What are the prime factors of c?
2, 7
Let w = -73 - -76. Suppose 3*q = -4*d + 1 + 35, w*d + 4*q - 20 = 0. List the prime factors of d.
2, 3
Let a(n) = n**3 - 9*n**2 - 6*n - 10. Let c(f) = -f**2 - 9*f - 14. Let l be c(-5). Suppose l*g - 36 = 30. List the prime factors of a(g).
2, 83
Suppose -3*p = p. Let y(s) be the second derivative of s**3/3 + 78*s**2 - 88*s + 1. List the prime factors of y(p).
2, 3, 13
Let g(x) = -6*x**2 + 5. Let l(d) = -d**2 + 1. Let w(b) = g(b) - 3*l(b). Let f be w(2). List the prime factors of (f/(-4) - 0)*(-774)/(-15).
3, 43
Let q(n) = 203*n + 8. Let b(k) = -k + 8. Let t be b(-2). List the prime factors of q(t).
2, 1019
Let f be 6/9*9 - 2. Suppose -56 + 12 = -f*n. What are the prime factors of 93 + (-1 + n)/(-5)?
7, 13
Suppose 2*x - f + 3*f = 14, -5*x - 2*f + 29 = 0. Suppose -k + 4*t + 19 - 1 = 0, x*t - 15 = -5*k. Suppose -o = -k*o + 150. What are the prime factors of o?
2, 3, 5
List the prime factors of 13545/2 + (-7)/(-14).
13, 521
Suppo